{"id":18785,"date":"2024-10-17T10:52:47","date_gmt":"2024-10-17T15:52:47","guid":{"rendered":"https:\/\/ministeriopublico.gob.pa\/instituto\/?page_id=18785"},"modified":"2025-03-31T14:10:09","modified_gmt":"2025-03-31T19:10:09","slug":"programas-y-actividades","status":"publish","type":"page","link":"https:\/\/ministeriopublico.gob.pa\/instituto\/programas-y-actividades\/","title":{"rendered":"Programas y actividades"},"content":{"rendered":"<p>[et_pb_section fb_built=\u00bb1&#8243; _builder_version=\u00bb4.25.2&#8243; _module_preset=\u00bbdefault\u00bb da_disable_devices=\u00bboff|off|off\u00bb global_colors_info=\u00bb{}\u00bb da_is_popup=\u00bboff\u00bb da_exit_intent=\u00bboff\u00bb da_has_close=\u00bbon\u00bb da_alt_close=\u00bboff\u00bb da_dark_close=\u00bboff\u00bb da_not_modal=\u00bbon\u00bb da_is_singular=\u00bboff\u00bb da_with_loader=\u00bboff\u00bb da_has_shadow=\u00bbon\u00bb][et_pb_row column_structure=\u00bb2_3,1_3&#8243; _builder_version=\u00bb4.25.2&#8243; _module_preset=\u00bbdefault\u00bb global_colors_info=\u00bb{}\u00bb][et_pb_column type=\u00bb2_3&#8243; _builder_version=\u00bb4.25.2&#8243; _module_preset=\u00bbdefault\u00bb global_colors_info=\u00bb{}\u00bb][et_pb_text _builder_version=\u00bb4.25.2&#8243; _module_preset=\u00bbdefault\u00bb text_font=\u00bb|700|||||||\u00bb text_text_color=\u00bb#003b56&#8243; text_font_size=\u00bb41px\u00bb max_width_tablet=\u00bb\u00bb max_width_phone=\u00bb\u00bb max_width_last_edited=\u00bbon|phone\u00bb min_height_tablet=\u00bb\u00bb min_height_phone=\u00bb\u00bb min_height_last_edited=\u00bbon|phone\u00bb height_tablet=\u00bb\u00bb height_phone=\u00bb\u00bb height_last_edited=\u00bbon|phone\u00bb max_height_tablet=\u00bb\u00bb max_height_phone=\u00bb\u00bb max_height_last_edited=\u00bbon|phone\u00bb custom_margin=\u00bb-4px|||||\u00bb text_font_size_tablet=\u00bb41px\u00bb text_font_size_phone=\u00bb25px\u00bb text_font_size_last_edited=\u00bbon|phone\u00bb text_letter_spacing_tablet=\u00bb\u00bb text_letter_spacing_phone=\u00bb0px\u00bb text_letter_spacing_last_edited=\u00bbon|phone\u00bb text_line_height_tablet=\u00bb\u00bb text_line_height_phone=\u00bb1.1em\u00bb text_line_height_last_edited=\u00bbon|phone\u00bb module_alignment_tablet=\u00bb\u00bb module_alignment_phone=\u00bb\u00bb module_alignment_last_edited=\u00bbon|phone\u00bb text_text_shadow_style=\u00bbpreset4&#8243; global_colors_info=\u00bb{}\u00bb]<\/p>\n<p style=\"text-align: center;\">PROGRAMAS Y ACTIVIDADES<\/p>\n<p>[\/et_pb_text][et_pb_text content_tablet=\u00bb<\/p>\n<p style=%22text-align: justify;%22>El Instituto ofrece una variedad de programas de capacitaci\u00f3n y desarrollo profesional, que incluyen:<\/p>\n<ul>\n<li style=%22text-align: justify;%22><strong>Conferencias: <\/strong>consiste en la apertura de espacios que permitan el acceso al conocimiento mediante la exposici\u00f3n magistral de un experto<\/li>\n<li style=%22text-align: justify;%22><strong>Seminarios y talleres<\/strong>: Enfocados en el fortalecimiento de habilidades pr\u00e1cticas para el ejercicio diario de los fiscales, tales como t\u00e9cnicas de litigaci\u00f3n y mediaci\u00f3n, entre otros.<\/li>\n<li style=%22text-align: justify;%22><strong>Cursos especializados y diplomados<\/strong>: En \u00e1reas como derecho penal, derecho procesal, investigaci\u00f3n criminal y derechos humanos.<\/li>\n<li style=%22text-align: justify;%22><strong>Capacitaci\u00f3n en \u00e9tica p\u00fablica y responsabilidad profesional<\/strong>: Asegurando que los fiscales comprendan y respeten los principios \u00e9ticos fundamentales en el ejercicio de sus funciones.<\/li>\n<li style=%22text-align: justify;%22><strong>Intercambios acad\u00e9micos y colaboraci\u00f3n internacional<\/strong>: A trav\u00e9s de convenios con otras instituciones internacionales, promoviendo el aprendizaje de mejores pr\u00e1cticas.<\/li>\n<\/ul>\n<p style=%22text-align: justify;%22><strong> <\/strong><\/p>\n<h3 style=%22text-align: justify;%22><span style=%22color: #000000;%22><strong>Impacto<\/strong><\/span><\/h3>\n<p style=%22text-align: justify;%22>El Instituto Superior de Formaci\u00f3n de Fiscales, Dra. Clara Gonz\u00e1lez de Behringer ha desempe\u00f1ado un papel esencial en el perfeccionamiento de las actuaciones del Ministerio P\u00fablico, asegurando que sus fiscales est\u00e9n capacitados para enfrentar los retos de la administraci\u00f3n de justicia con altos est\u00e1ndares. A lo largo de los a\u00f1os, el Instituto ha capacitado a cientos de fiscales y funcionarios, contribuyendo significativamente a la evoluci\u00f3n del sistema de justicia paname\u00f1o y, en \u00faltima instancia, al fortalecimiento del estado de derecho en el pa\u00eds.<\/p>\n<p style=%22text-align: justify;%22>El <strong>Instituto Superior para la Formaci\u00f3n de Fiscales<\/strong> se mantiene comprometido con su labor de formar profesionales del derecho altamente competentes, con el fin de mejorar la administraci\u00f3n de justicia y asegurar la protecci\u00f3n efectiva de los derechos de los ciudadanos.<\/p>\n<p>\u00bb content_phone=\u00bb<\/p>\n<p style=%22text-align: left;%22>El Instituto ofrece una variedad de programas de capacitaci\u00f3n y desarrollo profesional, que incluyen:<\/p>\n<ul style=%22text-align: justify;%22>\n<li style=%22text-align: left;%22><strong>Conferencias: <\/strong>consiste en la apertura de espacios que permitan el acceso al conocimiento mediante la exposici\u00f3n magistral de un experto<\/li>\n<li style=%22text-align: left;%22><strong>Seminarios y talleres<\/strong>: Enfocados en el fortalecimiento de habilidades pr\u00e1cticas para el ejercicio diario de los fiscales, tales como t\u00e9cnicas de litigaci\u00f3n y mediaci\u00f3n, entre otros.<\/li>\n<li style=%22text-align: left;%22><strong>Cursos especializados y diplomados<\/strong>: En \u00e1reas como derecho penal, derecho procesal, investigaci\u00f3n criminal y derechos humanos.<\/li>\n<li style=%22text-align: left;%22><strong>Capacitaci\u00f3n en \u00e9tica p\u00fablica y responsabilidad profesional<\/strong>: Asegurando que los fiscales comprendan y respeten los principios \u00e9ticos fundamentales en el ejercicio de sus funciones.<\/li>\n<li style=%22text-align: left;%22><strong>Intercambios acad\u00e9micos y colaboraci\u00f3n internacional<\/strong>: A trav\u00e9s de convenios con otras instituciones internacionales, promoviendo el aprendizaje de mejores pr\u00e1cticas.<\/li>\n<\/ul>\n<p style=%22text-align: left;%22><strong> <\/strong><\/p>\n<h3 style=%22text-align: left;%22><span style=%22color: #000000;%22><strong>Impacto<\/strong><\/span><\/h3>\n<p style=%22text-align: left;%22>El Instituto Superior de Formaci\u00f3n de Fiscales, Dra. Clara Gonz\u00e1lez de Behringer ha desempe\u00f1ado un papel esencial en el perfeccionamiento de las actuaciones del Ministerio P\u00fablico, asegurando que sus fiscales est\u00e9n capacitados para enfrentar los retos de la administraci\u00f3n de justicia con altos est\u00e1ndares. A lo largo de los a\u00f1os, el Instituto ha capacitado a cientos de fiscales y funcionarios, contribuyendo significativamente a la evoluci\u00f3n del sistema de justicia paname\u00f1o y, en \u00faltima instancia, al fortalecimiento del estado de derecho en el pa\u00eds.<\/p>\n<p style=%22text-align: left;%22>El <strong>Instituto Superior para la Formaci\u00f3n de Fiscales<\/strong> se mantiene comprometido con su labor de formar profesionales del derecho altamente competentes, con el fin de mejorar la administraci\u00f3n de justicia y asegurar la protecci\u00f3n efectiva de los derechos de los ciudadanos.<\/p>\n<p>\u00bb content_last_edited=\u00bbon|phone\u00bb _builder_version=\u00bb4.27.4&#8243; _module_preset=\u00bbdefault\u00bb text_text_color=\u00bb#000000&#8243; min_height_tablet=\u00bb\u00bb min_height_phone=\u00bb\u00bb min_height_last_edited=\u00bbon|phone\u00bb custom_margin=\u00bb||||false|false\u00bb text_font_size_tablet=\u00bb\u00bb text_font_size_phone=\u00bb15px\u00bb text_font_size_last_edited=\u00bbon|phone\u00bb global_colors_info=\u00bb{}\u00bb]<\/p>\n<p style=\"text-align: justify;\">El Instituto ofrece una variedad de programas de capacitaci\u00f3n y desarrollo profesional, que incluyen:<\/p>\n<ul>\n<li style=\"text-align: justify;\"><strong>Conferencias: <\/strong>consiste en la apertura de espacios que permitan el acceso al conocimiento mediante la exposici\u00f3n magistral de un experto<\/li>\n<li style=\"text-align: justify;\"><strong>Seminarios y talleres<\/strong>: Enfocados en el fortalecimiento de habilidades pr\u00e1cticas para el ejercicio diario de los fiscales, tales como t\u00e9cnicas de litigaci\u00f3n y mediaci\u00f3n, entre otros.<\/li>\n<li style=\"text-align: justify;\"><strong>Cursos especializados y diplomados<\/strong>: En \u00e1reas como derecho penal, derecho procesal, investigaci\u00f3n criminal y derechos humanos.<\/li>\n<li style=\"text-align: justify;\"><strong>Capacitaci\u00f3n en \u00e9tica p\u00fablica y responsabilidad profesional<\/strong>: Asegurando que los fiscales comprendan y respeten los principios \u00e9ticos fundamentales en el ejercicio de sus funciones.<\/li>\n<li style=\"text-align: justify;\"><strong>Intercambios acad\u00e9micos y colaboraci\u00f3n internacional<\/strong>: A trav\u00e9s de convenios con otras instituciones internacionales, promoviendo el aprendizaje de mejores pr\u00e1cticas.<\/li>\n<\/ul>\n<p style=\"text-align: justify;\"><strong>\u00a0<\/strong><\/p>\n<h3 style=\"text-align: justify;\"><span style=\"color: #000000;\"><strong>Impacto<\/strong><\/span><\/h3>\n<p style=\"text-align: justify;\">El Instituto Superior de Formaci\u00f3n de Fiscales, Dra. Clara Gonz\u00e1lez de Behringer ha desempe\u00f1ado un papel esencial en el perfeccionamiento de las actuaciones del Ministerio P\u00fablico, asegurando que sus fiscales est\u00e9n capacitados para enfrentar los retos de la administraci\u00f3n de justicia con altos est\u00e1ndares. A lo largo de los a\u00f1os, el Instituto ha capacitado a cientos de fiscales y funcionarios, contribuyendo significativamente a la evoluci\u00f3n del sistema de justicia paname\u00f1o y, en \u00faltima instancia, al fortalecimiento del estado de derecho en el pa\u00eds.<\/p>\n<p style=\"text-align: justify;\">El <strong>Instituto Superior para la Formaci\u00f3n de Fiscales<\/strong> se mantiene comprometido con su labor de formar profesionales del derecho altamente competentes, con el fin de mejorar la administraci\u00f3n de justicia y asegurar la protecci\u00f3n efectiva de los derechos de los ciudadanos.<\/p>\n<p>[\/et_pb_text][\/et_pb_column][et_pb_column type=\u00bb1_3&#8243; _builder_version=\u00bb4.25.2&#8243; _module_preset=\u00bbdefault\u00bb global_colors_info=\u00bb{}\u00bb][et_pb_sidebar area=\u00bbet_pb_widget_area_1&#8243; _builder_version=\u00bb4.27.4&#8243; _module_preset=\u00bbdefault\u00bb header_text_color=\u00bb#000000&#8243; body_text_color=\u00bb#0a0a0a\u00bb custom_margin=\u00bb||-11px|||\u00bb global_colors_info=\u00bb{}\u00bb][\/et_pb_sidebar][et_pb_sidebar _builder_version=\u00bb4.27.4&#8243; _module_preset=\u00bbdefault\u00bb header_text_color=\u00bb#000000&#8243; body_text_color=\u00bb#000000&#8243; global_colors_info=\u00bb{}\u00bb][\/et_pb_sidebar][\/et_pb_column][\/et_pb_row][\/et_pb_section]<\/p>\n","protected":false},"excerpt":{"rendered":"<p>PROGRAMAS Y ACTIVIDADESEl Instituto ofrece una variedad de programas de capacitaci\u00f3n y desarrollo profesional, que incluyen: Conferencias: consiste en la apertura de espacios que permitan el acceso al conocimiento mediante la exposici\u00f3n magistral de un experto Seminarios y talleres: Enfocados en el fortalecimiento de habilidades pr\u00e1cticas para el ejercicio diario de los fiscales, tales como [&hellip;]<\/p>\n","protected":false},"author":1,"featured_media":0,"parent":0,"menu_order":0,"comment_status":"closed","ping_status":"closed","template":"","meta":{"_acf_changed":false,"_et_pb_use_builder":"on","_et_pb_old_content":"","_et_gb_content_width":"","footnotes":""},"class_list":["post-18785","page","type-page","status-publish","hentry"],"acf":[],"_links":{"self":[{"href":"https:\/\/ministeriopublico.gob.pa\/instituto\/wp-json\/wp\/v2\/pages\/18785","targetHints":{"allow":["GET"]}}],"collection":[{"href":"https:\/\/ministeriopublico.gob.pa\/instituto\/wp-json\/wp\/v2\/pages"}],"about":[{"href":"https:\/\/ministeriopublico.gob.pa\/instituto\/wp-json\/wp\/v2\/types\/page"}],"author":[{"embeddable":true,"href":"https:\/\/ministeriopublico.gob.pa\/instituto\/wp-json\/wp\/v2\/users\/1"}],"replies":[{"embeddable":true,"href":"https:\/\/ministeriopublico.gob.pa\/instituto\/wp-json\/wp\/v2\/comments?post=18785"}],"version-history":[{"count":22,"href":"https:\/\/ministeriopublico.gob.pa\/instituto\/wp-json\/wp\/v2\/pages\/18785\/revisions"}],"predecessor-version":[{"id":987500150,"href":"https:\/\/ministeriopublico.gob.pa\/instituto\/wp-json\/wp\/v2\/pages\/18785\/revisions\/987500150"}],"wp:attachment":[{"href":"https:\/\/ministeriopublico.gob.pa\/instituto\/wp-json\/wp\/v2\/media?parent=18785"}],"curies":[{"name":"wp","href":"https:\/\/api.w.org\/{rel}","templated":true}]}}