{"id":18601,"date":"2024-06-21T16:08:14","date_gmt":"2024-06-21T14:08:14","guid":{"rendered":"https:\/\/ministeriopublico.gob.pa\/instituto\/?page_id=18601"},"modified":"2025-03-21T09:49:09","modified_gmt":"2025-03-21T14:49:09","slug":"valores-de-la-institucion","status":"publish","type":"page","link":"https:\/\/ministeriopublico.gob.pa\/instituto\/valores-de-la-institucion\/","title":{"rendered":"Valores de la Instituci\u00f3n"},"content":{"rendered":"<p>[et_pb_section fb_built=\u00bb1&#8243; _builder_version=\u00bb4.25.2&#8243; _module_preset=\u00bbdefault\u00bb da_disable_devices=\u00bboff|off|off\u00bb global_colors_info=\u00bb{}\u00bb da_is_popup=\u00bboff\u00bb da_exit_intent=\u00bboff\u00bb da_has_close=\u00bbon\u00bb da_alt_close=\u00bboff\u00bb da_dark_close=\u00bboff\u00bb da_not_modal=\u00bbon\u00bb da_is_singular=\u00bboff\u00bb da_with_loader=\u00bboff\u00bb da_has_shadow=\u00bbon\u00bb][et_pb_row _builder_version=\u00bb4.25.2&#8243; _module_preset=\u00bbdefault\u00bb global_colors_info=\u00bb{}\u00bb][et_pb_column type=\u00bb4_4&#8243; _builder_version=\u00bb4.25.2&#8243; _module_preset=\u00bbdefault\u00bb global_colors_info=\u00bb{}\u00bb][et_pb_text _builder_version=\u00bb4.25.2&#8243; _module_preset=\u00bbdefault\u00bb text_font=\u00bb|700|||||||\u00bb text_text_color=\u00bb#003b56&#8243; text_font_size=\u00bb41px\u00bb text_orientation=\u00bbcenter\u00bb max_width_tablet=\u00bb\u00bb max_width_phone=\u00bb\u00bb max_width_last_edited=\u00bbon|phone\u00bb min_height_tablet=\u00bb\u00bb min_height_phone=\u00bb\u00bb min_height_last_edited=\u00bbon|phone\u00bb max_height_tablet=\u00bb\u00bb max_height_phone=\u00bb\u00bb max_height_last_edited=\u00bbon|phone\u00bb text_font_size_tablet=\u00bb41px\u00bb text_font_size_phone=\u00bb25px\u00bb text_font_size_last_edited=\u00bbon|phone\u00bb text_letter_spacing_tablet=\u00bb\u00bb text_letter_spacing_phone=\u00bb\u00bb text_letter_spacing_last_edited=\u00bbon|phone\u00bb text_line_height_tablet=\u00bb\u00bb text_line_height_phone=\u00bb1.2em\u00bb text_line_height_last_edited=\u00bbon|phone\u00bb text_text_shadow_style=\u00bbpreset4&#8243; global_colors_info=\u00bb{}\u00bb]<\/p>\n<p>NUESTROS VALORES<\/p>\n<p>[\/et_pb_text][\/et_pb_column][\/et_pb_row][et_pb_row _builder_version=\u00bb4.25.2&#8243; _module_preset=\u00bbdefault\u00bb global_colors_info=\u00bb{}\u00bb][et_pb_column type=\u00bb4_4&#8243; _builder_version=\u00bb4.25.2&#8243; _module_preset=\u00bbdefault\u00bb global_colors_info=\u00bb{}\u00bb][et_pb_text content_tablet=\u00bb<\/p>\n<p style=%22text-align: left;%22>El Instituto Superior de Formaci\u00f3n de Fiscales del Ministerio P\u00fablico de Panam\u00e1, Dra. Clara Gonz\u00e1lez de Behringer, aspira a fomentar una formaci\u00f3n coherente, gradual e integral fundamentada en valores, a fin de promover el desarrollo pleno de los funcionarios del Ministerio P\u00fablico de Panam\u00e1, con miras a fortalecer la promoci\u00f3n humana al servicio de la justicia y la cultura de paz.<\/p>\n<p>\u00bb content_phone=\u00bb<\/p>\n<p style=%22text-align: left;%22>El Instituto Superior de Formaci\u00f3n de Fiscales del Ministerio P\u00fablico de Panam\u00e1, Dra. Clara Gonz\u00e1lez de Behringer, aspira a fomentar una formaci\u00f3n coherente, gradual e integral fundamentada en valores, a fin de promover el desarrollo pleno de los funcionarios del Ministerio P\u00fablico de Panam\u00e1, con miras a fortalecer la promoci\u00f3n humana al servicio de la justicia y la cultura de paz.<\/p>\n<p>\u00bb content_last_edited=\u00bbon|phone\u00bb _builder_version=\u00bb4.27.4&#8243; _module_preset=\u00bbdefault\u00bb text_text_color=\u00bb#000000&#8243; text_font_size=\u00bb18px\u00bb text_font_size_tablet=\u00bb18px\u00bb text_font_size_phone=\u00bb15px\u00bb text_font_size_last_edited=\u00bbon|phone\u00bb global_colors_info=\u00bb{}\u00bb]<\/p>\n<p style=\"text-align: justify;\">El Instituto Superior de Formaci\u00f3n de Fiscales del Ministerio P\u00fablico de Panam\u00e1, Dra. Clara Gonz\u00e1lez de Behringer, aspira a fomentar una formaci\u00f3n coherente, gradual e integral fundamentada en valores, a fin de promover el desarrollo pleno de los funcionarios del Ministerio P\u00fablico de Panam\u00e1, con miras a fortalecer la educaci\u00f3n integral al servicio de la investigaci\u00f3n y la justicia.<\/p>\n<p>[\/et_pb_text][\/et_pb_column][\/et_pb_row][et_pb_row column_structure=\u00bb2_3,1_3&#8243; custom_padding_last_edited=\u00bbon|phone\u00bb _builder_version=\u00bb4.25.2&#8243; _module_preset=\u00bbdefault\u00bb width_tablet=\u00bb\u00bb width_phone=\u00bb\u00bb width_last_edited=\u00bbon|phone\u00bb max_width_tablet=\u00bb\u00bb max_width_phone=\u00bb\u00bb max_width_last_edited=\u00bbon|phone\u00bb min_height_tablet=\u00bb\u00bb min_height_phone=\u00bb\u00bb min_height_last_edited=\u00bbon|phone\u00bb height_tablet=\u00bb\u00bb height_phone=\u00bb\u00bb height_last_edited=\u00bbon|phone\u00bb max_height_tablet=\u00bb\u00bb max_height_phone=\u00bb\u00bb max_height_last_edited=\u00bbon|phone\u00bb custom_padding=\u00bb90px|||||\u00bb custom_padding_tablet=\u00bb90px|||||\u00bb custom_padding_phone=\u00bb32px||||false|false\u00bb global_colors_info=\u00bb{}\u00bb][et_pb_column type=\u00bb2_3&#8243; _builder_version=\u00bb4.25.2&#8243; _module_preset=\u00bbdefault\u00bb global_colors_info=\u00bb{}\u00bb][et_pb_toggle title=\u00bb\u00c9tica\u00bb open_toggle_text_color=\u00bb#000000&#8243; _builder_version=\u00bb4.27.4&#8243; _module_preset=\u00bbdefault\u00bb title_text_color=\u00bb#000000&#8243; title_font=\u00bb|700|on||||||\u00bb title_font_size=\u00bb20px\u00bb body_text_color=\u00bb#000000&#8243; body_font_size=\u00bb17px\u00bb title_font_size_tablet=\u00bb20px\u00bb title_font_size_phone=\u00bb18px\u00bb title_font_size_last_edited=\u00bbon|phone\u00bb body_font_size_tablet=\u00bb17px\u00bb body_font_size_phone=\u00bb15px\u00bb body_font_size_last_edited=\u00bbon|phone\u00bb global_colors_info=\u00bb{}\u00bb]<\/p>\n<p>Implica mantener un comportamiento ce\u00f1ido a los est\u00e1ndares establecidos en el C\u00f3digo de \u00c9tica del Ministerio P\u00fablico, en el ejercicio de sus funciones.<\/p>\n<p>[\/et_pb_toggle][et_pb_toggle title=\u00bbCompromiso\u00bb open_toggle_text_color=\u00bb#000000&#8243; _builder_version=\u00bb4.27.4&#8243; _module_preset=\u00bbdefault\u00bb title_text_color=\u00bb#000000&#8243; title_font=\u00bb|700|on||||||\u00bb title_font_size=\u00bb20px\u00bb body_text_color=\u00bb#000000&#8243; body_font_size=\u00bb17px\u00bb title_font_size_tablet=\u00bb20px\u00bb title_font_size_phone=\u00bb18px\u00bb title_font_size_last_edited=\u00bbon|phone\u00bb body_font_size_tablet=\u00bb17px\u00bb body_font_size_phone=\u00bb15px\u00bb body_font_size_last_edited=\u00bbon|phone\u00bb global_colors_info=\u00bb{}\u00bb]<\/p>\n<p>Posibilita que los proyectos se conviertan en realidad a trav\u00e9s de las acciones concretas y que est\u00e1n encaminadas al logro de objetivos, aun en situaciones de adversidad.<\/p>\n<p>&nbsp;<\/p>\n<p>[\/et_pb_toggle][et_pb_toggle title=\u00bbExcelencia\u00bb open_toggle_text_color=\u00bb#000000&#8243; _builder_version=\u00bb4.27.4&#8243; _module_preset=\u00bbdefault\u00bb title_text_color=\u00bb#000000&#8243; title_font=\u00bb|700|on||||||\u00bb title_font_size=\u00bb20px\u00bb body_text_color=\u00bb#000000&#8243; body_font_size=\u00bb17px\u00bb title_font_size_tablet=\u00bb20px\u00bb title_font_size_phone=\u00bb18px\u00bb title_font_size_last_edited=\u00bbon|phone\u00bb body_font_size_tablet=\u00bb17px\u00bb body_font_size_phone=\u00bb15px\u00bb body_font_size_last_edited=\u00bbon|phone\u00bb global_colors_info=\u00bb{}\u00bb]<\/p>\n<p>Es la capacidad y talento que se demuestra al esforzarse por alcanzar las metas fijadas por la organizaci\u00f3n realizando su labor con altos est\u00e1ndares de profesionalismo.<\/p>\n<p>[\/et_pb_toggle][et_pb_toggle title=\u00bbIntegridad\u00bb open_toggle_text_color=\u00bb#000000&#8243; _builder_version=\u00bb4.27.4&#8243; _module_preset=\u00bbdefault\u00bb title_text_color=\u00bb#000000&#8243; title_font=\u00bb|700|on||||||\u00bb title_font_size=\u00bb20px\u00bb body_text_color=\u00bb#000000&#8243; body_font_size=\u00bb17px\u00bb title_font_size_tablet=\u00bb20px\u00bb title_font_size_phone=\u00bb18px\u00bb title_font_size_last_edited=\u00bbon|phone\u00bb body_font_size_tablet=\u00bb17px\u00bb body_font_size_phone=\u00bb15px\u00bb body_font_size_last_edited=\u00bbon|phone\u00bb global_colors_info=\u00bb{}\u00bb]<\/p>\n<p>Constituye cualidad distintiva y esencial de los beneficiarios de las actividades acad\u00e9micas del Instituto Superior de Formaci\u00f3n de Fiscales, de actuar con lealtad y honestidad en el desarrollo de sus estudios y en el desempe\u00f1o de sus labores.<\/p>\n<p>[\/et_pb_toggle][et_pb_toggle title=\u00bbLiderazgo\u00bb open_toggle_text_color=\u00bb#000000&#8243; _builder_version=\u00bb4.27.4&#8243; _module_preset=\u00bbdefault\u00bb title_text_color=\u00bb#000000&#8243; title_font=\u00bb|700|on||||||\u00bb title_font_size=\u00bb20px\u00bb body_text_color=\u00bb#000000&#8243; body_font_size=\u00bb17px\u00bb title_font_size_tablet=\u00bb20px\u00bb title_font_size_phone=\u00bb18px\u00bb title_font_size_last_edited=\u00bbon|phone\u00bb body_font_size_tablet=\u00bb17px\u00bb body_font_size_phone=\u00bb15px\u00bb body_font_size_last_edited=\u00bbon|phone\u00bb global_colors_info=\u00bb{}\u00bb]<\/p>\n<p>Influir y promover con el ejemplo personal, el aprovechamiento de los conocimientos adquiridos en las actividades acad\u00e9micas con respeto a los valores y principios \u00e9ticos.<\/p>\n<p>&nbsp;<\/p>\n<p>[\/et_pb_toggle][et_pb_toggle title=\u00bbSolidaridad\u00bb _builder_version=\u00bb4.27.4&#8243; _module_preset=\u00bbdefault\u00bb title_text_color=\u00bb#000000&#8243; title_font=\u00bb|700|on||||||\u00bb title_font_size=\u00bb20px\u00bb body_text_color=\u00bb#000000&#8243; body_font_size=\u00bb17px\u00bb title_font_size_tablet=\u00bb20px\u00bb title_font_size_phone=\u00bb18px\u00bb title_font_size_last_edited=\u00bbon|phone\u00bb body_font_size_tablet=\u00bb17px\u00bb body_font_size_phone=\u00bb15px\u00bb body_font_size_last_edited=\u00bbon|phone\u00bb global_colors_info=\u00bb{}\u00bb]<\/p>\n<p>Es un valor que orienta las actuaciones de los beneficiarios de las actividades acad\u00e9micas del Instituto Superior de Formaci\u00f3n de Fiscales hacia la colaboraci\u00f3n mutua, lo cual se evidencia en la empat\u00eda y genera sentimientos de superaci\u00f3n grupal.<\/p>\n<p>&nbsp;<\/p>\n<p>[\/et_pb_toggle][et_pb_toggle title=\u00bbTolerancia\u00bb _builder_version=\u00bb4.27.4&#8243; _module_preset=\u00bbdefault\u00bb title_text_color=\u00bb#000000&#8243; title_font=\u00bb|700|on||||||\u00bb title_font_size=\u00bb20px\u00bb body_text_color=\u00bb#000000&#8243; body_font_size=\u00bb17px\u00bb title_font_size_tablet=\u00bb20px\u00bb title_font_size_phone=\u00bb18px\u00bb title_font_size_last_edited=\u00bbon|phone\u00bb body_font_size_tablet=\u00bb17px\u00bb body_font_size_phone=\u00bb15px\u00bb body_font_size_last_edited=\u00bbon|phone\u00bb global_colors_info=\u00bb{}\u00bb]<\/p>\n<p>Respeto y aceptaci\u00f3n de las ideas, planteamientos y opiniones diversas, distintas a las propias, dado que el Instituto Superior de Formaci\u00f3n de Fiscales es un escenario propicio para el crecimiento acad\u00e9mico y personal de los funcionarios del Ministerio P\u00fablico y dem\u00e1s beneficiarios de sus actividades.<\/p>\n<p>[\/et_pb_toggle][et_pb_toggle title=\u00bbTransparencia\u00bb open_toggle_text_color=\u00bb#000000&#8243; _builder_version=\u00bb4.27.4&#8243; _module_preset=\u00bbdefault\u00bb title_text_color=\u00bb#000000&#8243; title_font=\u00bb|700|on||||||\u00bb title_font_size=\u00bb20px\u00bb body_text_color=\u00bb#000000&#8243; body_font_size=\u00bb17px\u00bb title_font_size_tablet=\u00bb20px\u00bb title_font_size_phone=\u00bb18px\u00bb title_font_size_last_edited=\u00bbon|phone\u00bb body_font_size_tablet=\u00bb17px\u00bb body_font_size_phone=\u00bb15px\u00bb body_font_size_last_edited=\u00bbon|phone\u00bb global_colors_info=\u00bb{}\u00bb]<\/p>\n<p>Est\u00e1 asociado a la existencia de concordancia entre lo que se dice y lo que se hace, tanto en el manejo de los recursos como en el acceso a la informaci\u00f3n, sin m\u00e1s limitaciones que las que establezca la ley, es primordial, lo cual es extensivo al manejo de recursos.<\/p>\n<p>[\/et_pb_toggle][\/et_pb_column][et_pb_column type=\u00bb1_3&#8243; _builder_version=\u00bb4.25.2&#8243; _module_preset=\u00bbdefault\u00bb global_colors_info=\u00bb{}\u00bb][et_pb_sidebar area=\u00bbet_pb_widget_area_1&#8243; _builder_version=\u00bb4.27.4&#8243; _module_preset=\u00bbdefault\u00bb header_text_color=\u00bb#000000&#8243; body_text_color=\u00bb#000000&#8243; custom_padding=\u00bb||0px|||\u00bb global_colors_info=\u00bb{}\u00bb][\/et_pb_sidebar][et_pb_sidebar _builder_version=\u00bb4.27.4&#8243; _module_preset=\u00bbdefault\u00bb header_text_color=\u00bb#000000&#8243; body_text_color=\u00bb#000000&#8243; custom_margin=\u00bb-104px|||||\u00bb custom_padding=\u00bb||0px|||\u00bb global_colors_info=\u00bb{}\u00bb][\/et_pb_sidebar][\/et_pb_column][\/et_pb_row][\/et_pb_section]<\/p>\n","protected":false},"excerpt":{"rendered":"<p>NUESTROS VALORESEl Instituto Superior de Formaci\u00f3n de Fiscales del Ministerio P\u00fablico de Panam\u00e1, Dra. Clara Gonz\u00e1lez de Behringer, aspira a fomentar una formaci\u00f3n coherente, gradual e integral fundamentada en valores, a fin de promover el desarrollo pleno de los funcionarios del Ministerio P\u00fablico de Panam\u00e1, con miras a fortalecer la educaci\u00f3n integral al servicio de [&hellip;]<\/p>\n","protected":false},"author":1,"featured_media":0,"parent":0,"menu_order":0,"comment_status":"closed","ping_status":"closed","template":"","meta":{"_acf_changed":false,"_et_pb_use_builder":"on","_et_pb_old_content":"","_et_gb_content_width":"","footnotes":""},"class_list":["post-18601","page","type-page","status-publish","hentry"],"acf":[],"_links":{"self":[{"href":"https:\/\/ministeriopublico.gob.pa\/instituto\/wp-json\/wp\/v2\/pages\/18601","targetHints":{"allow":["GET"]}}],"collection":[{"href":"https:\/\/ministeriopublico.gob.pa\/instituto\/wp-json\/wp\/v2\/pages"}],"about":[{"href":"https:\/\/ministeriopublico.gob.pa\/instituto\/wp-json\/wp\/v2\/types\/page"}],"author":[{"embeddable":true,"href":"https:\/\/ministeriopublico.gob.pa\/instituto\/wp-json\/wp\/v2\/users\/1"}],"replies":[{"embeddable":true,"href":"https:\/\/ministeriopublico.gob.pa\/instituto\/wp-json\/wp\/v2\/comments?post=18601"}],"version-history":[{"count":43,"href":"https:\/\/ministeriopublico.gob.pa\/instituto\/wp-json\/wp\/v2\/pages\/18601\/revisions"}],"predecessor-version":[{"id":987500030,"href":"https:\/\/ministeriopublico.gob.pa\/instituto\/wp-json\/wp\/v2\/pages\/18601\/revisions\/987500030"}],"wp:attachment":[{"href":"https:\/\/ministeriopublico.gob.pa\/instituto\/wp-json\/wp\/v2\/media?parent=18601"}],"curies":[{"name":"wp","href":"https:\/\/api.w.org\/{rel}","templated":true}]}}