{"id":18110,"date":"2024-06-06T16:12:52","date_gmt":"2024-06-06T14:12:52","guid":{"rendered":"https:\/\/ministeriopublico.gob.pa\/instituto\/?page_id=18110"},"modified":"2025-03-31T14:13:27","modified_gmt":"2025-03-31T19:13:27","slug":"quienes-somos","status":"publish","type":"page","link":"https:\/\/ministeriopublico.gob.pa\/instituto\/quienes-somos\/","title":{"rendered":"Qui\u00e9nes Somos"},"content":{"rendered":"<p>[et_pb_section fb_built=\u00bb1&#8243; _builder_version=\u00bb4.25.1&#8243; _module_preset=\u00bbdefault\u00bb da_disable_devices=\u00bboff|off|off\u00bb global_colors_info=\u00bb{}\u00bb da_is_popup=\u00bboff\u00bb da_exit_intent=\u00bboff\u00bb da_has_close=\u00bbon\u00bb da_alt_close=\u00bboff\u00bb da_dark_close=\u00bboff\u00bb da_not_modal=\u00bbon\u00bb da_is_singular=\u00bboff\u00bb da_with_loader=\u00bboff\u00bb da_has_shadow=\u00bbon\u00bb][et_pb_row _builder_version=\u00bb4.25.2&#8243; _module_preset=\u00bbdefault\u00bb custom_margin=\u00bb-20px|auto|-9px|auto||\u00bb custom_margin_tablet=\u00bb-20px|auto|-9px|auto||\u00bb custom_margin_phone=\u00bb-20px|auto|-9px|auto|false|false\u00bb custom_margin_last_edited=\u00bbon|phone\u00bb custom_padding=\u00bb||101px|||\u00bb global_colors_info=\u00bb{}\u00bb][et_pb_column type=\u00bb4_4&#8243; _builder_version=\u00bb4.25.1&#8243; _module_preset=\u00bbdefault\u00bb global_colors_info=\u00bb{}\u00bb][et_pb_text _builder_version=\u00bb4.25.2&#8243; _module_preset=\u00bbdefault\u00bb text_text_color=\u00bb#000000&#8243; text_font_size=\u00bb22px\u00bb text_line_height=\u00bb1.2em\u00bb custom_margin=\u00bb-65px|||||\u00bb custom_padding=\u00bb||37px|||\u00bb text_font_size_tablet=\u00bb22px\u00bb text_font_size_phone=\u00bb20px\u00bb text_font_size_last_edited=\u00bbon|phone\u00bb global_colors_info=\u00bb{}\u00bb]<\/p>\n<p style=\"text-align: center;\"><strong>Instituto Superior para la Formaci\u00f3n de Fiscales del Ministerio P\u00fablico de Panam\u00e1<\/strong><strong>,\u00a0<\/strong><\/p>\n<p>[\/et_pb_text][et_pb_text _builder_version=\u00bb4.25.2&#8243; _module_preset=\u00bbdefault\u00bb text_text_color=\u00bb#000000&#8243; text_font_size=\u00bb22px\u00bb custom_margin=\u00bb-50px|||||\u00bb text_font_size_tablet=\u00bb22px\u00bb text_font_size_phone=\u00bb20px\u00bb text_font_size_last_edited=\u00bbon|phone\u00bb global_colors_info=\u00bb{}\u00bb]<\/p>\n<p style=\"text-align: center;\"><strong>Dra. Clara Gonz\u00e1lez de Behringer.<\/strong><\/p>\n<p>[\/et_pb_text][\/et_pb_column][\/et_pb_row][et_pb_row column_structure=\u00bb2_3,1_3&#8243; _builder_version=\u00bb4.25.1&#8243; _module_preset=\u00bbdefault\u00bb filter_contrast=\u00bb91%\u00bb global_colors_info=\u00bb{}\u00bb][et_pb_column type=\u00bb2_3&#8243; _builder_version=\u00bb4.25.1&#8243; _module_preset=\u00bbdefault\u00bb global_colors_info=\u00bb{}\u00bb][et_pb_text _builder_version=\u00bb4.25.2&#8243; _module_preset=\u00bbdefault\u00bb text_font=\u00bb|700|||||||\u00bb text_text_color=\u00bb#003259&#8243; text_font_size=\u00bb41px\u00bb custom_margin=\u00bb-57px|||||\u00bb text_font_size_tablet=\u00bb41px\u00bb text_font_size_phone=\u00bb25px\u00bb text_font_size_last_edited=\u00bbon|phone\u00bb text_text_shadow_style=\u00bbpreset4&#8243; global_colors_info=\u00bb{}\u00bb]<\/p>\n<div class=\"wrap-title\">\n<div class=\"line\" style=\"text-align: center;\"><\/div>\n<p style=\"text-align: center;\"><b>QUI\u00c9NES SOMOS<\/b><\/p>\n<div class=\"line\"><\/div>\n<\/div>\n<p>[\/et_pb_text][et_pb_text content_tablet=\u00bb<\/p>\n<p style=%22text-align: justify;%22>Somos una entidad adscrita a la Procuradur\u00eda General de la Naci\u00f3n, dedicada a la formaci\u00f3n y desarrollo acad\u00e9mico integral del recurso humano del Ministerio P\u00fablico de toda la Rep\u00fablica de Panam\u00e1 cuyo prop\u00f3sito fundamental es formar, capacitar, desarrollar y fortalecer las competencias gen\u00e9ricas y espec\u00edficas de los fiscales, t\u00e9cnicos, profesionales y funcionarios en general de la instituci\u00f3n, en aras de que estos puedan cumplir con eficiencia, profesionalismo y transparencia las funciones derivadas de la aplicaci\u00f3n del nuevo paradigma procesal penal y la consolidaci\u00f3n del Estado de Derecho.<\/p>\n<p>\u00bb content_phone=\u00bb<\/p>\n<p style=%22text-align: left;%22>Somos una entidad adscrita a la Procuradur\u00eda General de la Naci\u00f3n, dedicada a la formaci\u00f3n y desarrollo acad\u00e9mico integral del recurso humano del Ministerio P\u00fablico de toda la Rep\u00fablica de Panam\u00e1 cuyo prop\u00f3sito fundamental es formar, capacitar, desarrollar y fortalecer las competencias gen\u00e9ricas y espec\u00edficas de los fiscales, t\u00e9cnicos, profesionales y funcionarios en general de la instituci\u00f3n, en aras de que estos puedan cumplir con eficiencia, profesionalismo y transparencia las funciones derivadas de la aplicaci\u00f3n del nuevo paradigma procesal penal y la consolidaci\u00f3n del Estado de Derecho.<\/p>\n<p>\u00bb content_last_edited=\u00bbon|phone\u00bb _builder_version=\u00bb4.27.4&#8243; _module_preset=\u00bbdefault\u00bb text_text_color=\u00bb#000000&#8243; text_font_size=\u00bb17px\u00bb custom_margin=\u00bb62px|||||\u00bb text_font_size_tablet=\u00bb17px\u00bb text_font_size_phone=\u00bb15px\u00bb text_font_size_last_edited=\u00bbon|phone\u00bb global_colors_info=\u00bb{}\u00bb]<\/p>\n<p style=\"text-align: justify;\">Somos una entidad adscrita a la Procuradur\u00eda General de la Naci\u00f3n, dedicada a la formaci\u00f3n y desarrollo acad\u00e9mico integral del recurso humano del Ministerio P\u00fablico de toda la Rep\u00fablica de Panam\u00e1 cuyo prop\u00f3sito fundamental es formar, capacitar, desarrollar y fortalecer las competencias gen\u00e9ricas y espec\u00edficas de los fiscales, t\u00e9cnicos, profesionales y funcionarios en general de la instituci\u00f3n, en aras de que estos puedan cumplir con eficiencia, profesionalismo y transparencia las funciones derivadas de la aplicaci\u00f3n del nuevo paradigma procesal penal y la consolidaci\u00f3n del Estado de Derecho.<\/p>\n<p>[\/et_pb_text][et_pb_text content_tablet=\u00bb<\/p>\n<p style=%22text-align: justify;%22>El Instituto Superior est\u00e1 conformado por una Secretar\u00eda de Asuntos Acad\u00e9micos y dos unidades coordinadoras de asuntos acad\u00e9micos, la Unidad de Planeamiento Curricular y Producci\u00f3n Acad\u00e9mica y la Unidad de Planificaci\u00f3n y Organizaci\u00f3n de Cursos.<\/p>\n<p>\u00bb content_phone=\u00bb<\/p>\n<p>El Instituto Superior est\u00e1 conformado por una Secretar\u00eda de Asuntos Acad\u00e9micos y dos unidades coordinadoras de asuntos acad\u00e9micos, la Unidad de Planeamiento Curricular y Producci\u00f3n Acad\u00e9mica y la Unidad de Planificaci\u00f3n y Organizaci\u00f3n de Cursos.<\/p>\n<p>\u00bb content_last_edited=\u00bbon|phone\u00bb _builder_version=\u00bb4.27.4&#8243; _module_preset=\u00bbdefault\u00bb text_text_color=\u00bb#000000&#8243; global_colors_info=\u00bb{}\u00bb]<\/p>\n<p style=\"text-align: justify;\">El Instituto Superior est\u00e1 conformado por una Secretar\u00eda de Asuntos Acad\u00e9micos y dos unidades coordinadoras de asuntos acad\u00e9micos, la Unidad de Planeamiento Curricular y Producci\u00f3n Acad\u00e9mica y la Unidad de Planificaci\u00f3n y Organizaci\u00f3n de Cursos.<\/p>\n<p>[\/et_pb_text][et_pb_text _builder_version=\u00bb4.27.4&#8243; _module_preset=\u00bbdefault\u00bb text_font=\u00bb|700|||||||\u00bb text_text_color=\u00bb#000000&#8243; text_font_size=\u00bb21px\u00bb mix_blend_mode=\u00bbcolor\u00bb animation_style=\u00bbfold\u00bb global_colors_info=\u00bb{}\u00bb]<\/p>\n<p>CONSEJO RECTOR<\/p>\n<p>[\/et_pb_text][et_pb_text _builder_version=\u00bb4.27.4&#8243; _module_preset=\u00bbdefault\u00bb text_text_color=\u00bb#000000&#8243; text_font_size=\u00bb17px\u00bb custom_margin=\u00bb||55px|||\u00bb text_font_size_tablet=\u00bb17px\u00bb text_font_size_phone=\u00bb16px\u00bb text_font_size_last_edited=\u00bbon|phone\u00bb global_colors_info=\u00bb{}\u00bb]<\/p>\n<p>El m\u00e1ximo organismo de la Instituci\u00f3n, es el Consejo Superior y est\u00e1 conformado\u00a0de la siguiente manera:<\/p>\n<p>[\/et_pb_text][et_pb_text _builder_version=\u00bb4.27.4&#8243; _module_preset=\u00bbdefault\u00bb text_text_color=\u00bb#000000&#8243; min_height=\u00bb121.4px\u00bb custom_margin=\u00bb22px||40px|||\u00bb custom_padding=\u00bb|0px||||\u00bb box_shadow_style=\u00bbpreset3&#8243; box_shadow_horizontal=\u00bb14px\u00bb global_colors_info=\u00bb{}\u00bb]<\/p>\n<table>\n<tbody>\n<tr>\n<td colspan=\"2\" width=\"589\">\n<p style=\"text-align: center;\"><strong>Luis Carlos Manuel G\u00f3mez Rudy<\/strong><\/p>\n<p style=\"text-align: center;\">Procurador General de la Naci\u00f3n y presidente del Consejo Rector<\/p>\n<p><strong>\u00a0<\/strong><\/p>\n<\/td>\n<\/tr>\n<\/tbody>\n<\/table>\n<p>[\/et_pb_text][et_pb_text _builder_version=\u00bb4.27.4&#8243; _module_preset=\u00bbdefault\u00bb text_text_color=\u00bb#000000&#8243; custom_margin=\u00bb-37px|||||\u00bb box_shadow_style=\u00bbpreset2&#8243; global_colors_info=\u00bb{}\u00bb]<\/p>\n<table border=\"1\" style=\"border-collapse: collapse; width: 100%;\">\n<tbody>\n<tr>\n<td style=\"width: 52.589%; text-align: center;\">\n<p><strong>Jorge de la Torre <\/strong><\/p>\n<p>Secretario General<\/p>\n<\/td>\n<td style=\"width: 47.411%; text-align: center;\">\n<p><strong>Grisell Mojica Aguilar <\/strong><\/p>\n<p>Fiscal Superior de Litigaci\u00f3n de la<\/p>\n<p>Procuradur\u00eda General de la Naci\u00f3n<\/p>\n<p>Representante de los Fiscales Superiores<\/p>\n<\/td>\n<\/tr>\n<tr>\n<td style=\"width: 52.589%; text-align: center;\">\n<p><strong>Delia A. De Castro D. <\/strong><\/p>\n<p>Directora del Instituto Superior de Formaci\u00f3n de Fiscales del Ministerio P\u00fablico de Panam\u00e1<\/p>\n<p>Secretaria del Consejo Rector<\/p>\n<p><strong>\u00a0<\/strong><\/p>\n<\/td>\n<td style=\"width: 47.411%; text-align: center;\">\n<p><strong>Johany De Le\u00f3n<\/strong><\/p>\n<p>Fiscal de Circuito de la Fiscal\u00eda Regional de Cocl\u00e9<\/p>\n<p>Representante de los Fiscales de Circuito<\/p>\n<\/td>\n<\/tr>\n<tr>\n<td style=\"width: 52.589%; text-align: center;\">\n<p><strong>Shiara Stevens Kelly<\/strong><\/p>\n<p>Directora de Recursos Humanos<\/p>\n<p><strong>\u00a0<\/strong><\/p>\n<\/td>\n<td style=\"width: 47.411%; text-align: center;\">\n<p><strong>Eduardo Rivera <\/strong><\/p>\n<p>Fiscal Adjunto de la<\/p>\n<p>Fiscal\u00eda Segunda Especializada contra la Delincuencia Organizada<\/p>\n<p>Representante de los Fiscales Adjuntos<\/p>\n<p><strong>\u00a0<\/strong><\/p>\n<\/td>\n<\/tr>\n<\/tbody>\n<\/table>\n<p>[\/et_pb_text][et_pb_text _builder_version=\u00bb4.27.4&#8243; _module_preset=\u00bbdefault\u00bb text_font=\u00bb|700|||||||\u00bb text_text_color=\u00bb#000000&#8243; text_font_size=\u00bb21px\u00bb text_line_height=\u00bb1.5em\u00bb mix_blend_mode=\u00bbcolor\u00bb animation_style=\u00bbfold\u00bb text_font_size_tablet=\u00bb21px\u00bb text_font_size_phone=\u00bb17px\u00bb text_font_size_last_edited=\u00bbon|phone\u00bb global_colors_info=\u00bb{}\u00bb]<\/p>\n<p>Este organismo tiene como funciones:<\/p>\n<p>[\/et_pb_text][et_pb_text _builder_version=\u00bb4.27.4&#8243; _module_preset=\u00bbdefault\u00bb text_text_color=\u00bb#000000&#8243; text_font_size=\u00bb17px\u00bb custom_padding=\u00bb|0px||||\u00bb text_font_size_tablet=\u00bb17px\u00bb text_font_size_phone=\u00bb16px\u00bb text_font_size_last_edited=\u00bbon|phone\u00bb global_colors_info=\u00bb{}\u00bb]<\/p>\n<ul>\n<li>Aprobar las directrices y pol\u00edticas acad\u00e9micas que orientar\u00e1n el que hacer de la Instituci\u00f3n.<\/li>\n<li>Aprobar los contenidos de los programas de formaci\u00f3n de la Instituci\u00f3n, las metodolog\u00edas de ense\u00f1anza, aprendizaje y evaluaci\u00f3n.<\/li>\n<li>Validar la organizaci\u00f3n, operaci\u00f3n y funcionamiento de la Instituci\u00f3n.<\/li>\n<li>Aprobar los convenios de capacitaci\u00f3n o formaci\u00f3n celebrados entre la Instituci\u00f3n y otros entes educativos o de formaci\u00f3n.<\/li>\n<li>Aprobar el cronograma anual de capacitaci\u00f3n.<\/li>\n<\/ul>\n<p>[\/et_pb_text][et_pb_text _builder_version=\u00bb4.27.4&#8243; _module_preset=\u00bbdefault\u00bb text_font=\u00bb|700|||||||\u00bb text_text_color=\u00bb#000000&#8243; text_font_size=\u00bb21px\u00bb mix_blend_mode=\u00bbcolor\u00bb animation_style=\u00bbfold\u00bb text_font_size_tablet=\u00bb21px\u00bb text_font_size_phone=\u00bb17px\u00bb text_font_size_last_edited=\u00bbon|phone\u00bb global_colors_info=\u00bb{}\u00bb]<\/p>\n<p>LEMA<\/p>\n<p>[\/et_pb_text][et_pb_text _builder_version=\u00bb4.27.4&#8243; _module_preset=\u00bbdefault\u00bb text_font=\u00bb|700|||||||\u00bb text_text_color=\u00bb#0a0a0a\u00bb text_font_size=\u00bb17px\u00bb global_colors_info=\u00bb{}\u00bb]<\/p>\n<p>\u00abPromoci\u00f3n humana, al servicio de la justicia y la cultura de paz.\u00bb<\/p>\n<p>[\/et_pb_text][\/et_pb_column][et_pb_column type=\u00bb1_3&#8243; _builder_version=\u00bb4.25.1&#8243; _module_preset=\u00bbdefault\u00bb global_colors_info=\u00bb{}\u00bb][et_pb_sidebar area=\u00bbet_pb_widget_area_1&#8243; _builder_version=\u00bb4.27.4&#8243; _module_preset=\u00bbdefault\u00bb header_text_color=\u00bb#000000&#8243; body_text_color=\u00bb#000000&#8243; global_colors_info=\u00bb{}\u00bb][\/et_pb_sidebar][et_pb_sidebar _builder_version=\u00bb4.27.4&#8243; _module_preset=\u00bbdefault\u00bb header_text_color=\u00bb#000000&#8243; body_text_color=\u00bb#000000&#8243; custom_margin=\u00bb-28px|||||\u00bb global_colors_info=\u00bb{}\u00bb][\/et_pb_sidebar][et_pb_sidebar area=\u00bbet_pb_widget_area_5&#8243; _builder_version=\u00bb4.27.4&#8243; _module_preset=\u00bbdefault\u00bb global_colors_info=\u00bb{}\u00bb][\/et_pb_sidebar][\/et_pb_column][\/et_pb_row][\/et_pb_section]<\/p>\n","protected":false},"excerpt":{"rendered":"<p>Instituto Superior para la Formaci\u00f3n de Fiscales del Ministerio P\u00fablico de Panam\u00e1,\u00a0Dra. Clara Gonz\u00e1lez de Behringer. QUI\u00c9NES SOMOS Somos una entidad adscrita a la Procuradur\u00eda General de la Naci\u00f3n, dedicada a la formaci\u00f3n y desarrollo acad\u00e9mico integral del recurso humano del Ministerio P\u00fablico de toda la Rep\u00fablica de Panam\u00e1 cuyo prop\u00f3sito fundamental es formar, capacitar, [&hellip;]<\/p>\n","protected":false},"author":1,"featured_media":0,"parent":0,"menu_order":0,"comment_status":"closed","ping_status":"closed","template":"","meta":{"_acf_changed":false,"_et_pb_use_builder":"on","_et_pb_old_content":"","_et_gb_content_width":"","footnotes":""},"class_list":["post-18110","page","type-page","status-publish","hentry"],"acf":[],"_links":{"self":[{"href":"https:\/\/ministeriopublico.gob.pa\/instituto\/wp-json\/wp\/v2\/pages\/18110","targetHints":{"allow":["GET"]}}],"collection":[{"href":"https:\/\/ministeriopublico.gob.pa\/instituto\/wp-json\/wp\/v2\/pages"}],"about":[{"href":"https:\/\/ministeriopublico.gob.pa\/instituto\/wp-json\/wp\/v2\/types\/page"}],"author":[{"embeddable":true,"href":"https:\/\/ministeriopublico.gob.pa\/instituto\/wp-json\/wp\/v2\/users\/1"}],"replies":[{"embeddable":true,"href":"https:\/\/ministeriopublico.gob.pa\/instituto\/wp-json\/wp\/v2\/comments?post=18110"}],"version-history":[{"count":74,"href":"https:\/\/ministeriopublico.gob.pa\/instituto\/wp-json\/wp\/v2\/pages\/18110\/revisions"}],"predecessor-version":[{"id":987500153,"href":"https:\/\/ministeriopublico.gob.pa\/instituto\/wp-json\/wp\/v2\/pages\/18110\/revisions\/987500153"}],"wp:attachment":[{"href":"https:\/\/ministeriopublico.gob.pa\/instituto\/wp-json\/wp\/v2\/media?parent=18110"}],"curies":[{"name":"wp","href":"https:\/\/api.w.org\/{rel}","templated":true}]}}